62 is divided by 25.
12
What is the remainder when 541 is divided by 17?
14
Calculate the remainder when 1919 is divided by 12.
11
What is the remainder when 36 is divided by 15?
6
What is the remainder when 319 is divided by 19?
15
What is the remainder when 1322 is divided by 38?
30
Calculate the remainder when 48358 is divided by 372.
370
What is the remainder when 80 is divided by 21?
17
Calculate the remainder when 2625 is divided by 187.
7
Calculate the remainder when 137 is divided by 44.
5
Calculate the remainder when 502 is divided by 7.
5
Calculate the remainder when 247 is divided by 138.
109
Calculate the remainder when 80 is divided by 29.
22
Calculate the remainder when 146 is divided by 21.
20
What is the remainder when 411 is divided by 371?
40
What is the remainder when 2935 is divided by 27?
19
Calculate the remainder when 9726 is divided by 23.
20
What is the remainder when 7039 is divided by 88?
87
What is the remainder when 164 is divided by 52?
8
Calculate the remainder when 1839 is divided by 41.
35
Calculate the remainder when 468 is divided by 59.
55
What is the remainder when 235 is divided by 14?
11
What is the remainder when 244 is divided by 65?
49
Calculate the remainder when 1747 is divided by 25.
22
Calculate the remainder when 131 is divided by 41.
8
Calculate the remainder when 134 is divided by 9.
8
Calculate the remainder when 79 is divided by 50.
29
Calculate the remainder when 2382 is divided by 46.
36
Calculate the remainder when 31 is divided by 3.
1
What is the remainder when 2631 is divided by 446?
401
What is the remainder when 108 is divided by 24?
12
Calculate the remainder when 662 is divided by 36.
14
Calculate the remainder when 253 is divided by 127.
126
Calculate the remainder when 88 is divided by 15.
13
Calculate the remainder when 359 is divided by 60.
59
Calculate the remainder when 812 is divided by 18.
2
What is the remainder when 4772 is divided by 191?
188
What is the remainder when 655 is divided by 260?
135
Calculate the remainder when 196 is divided by 22.
20
Calculate the remainder when 39 is divided by 8.
7
What is the remainder when 933 is divided by 158?
143
Calculate the remainder when 464 is divided by 452.
12
What is the remainder when 579 is divided by 7?
5
Calculate the remainder when 728 is divided by 43.
40
What is the remainder when 216 is divided by 94?
28
Calculate the remainder when 863 is divided by 51.
47
Calculate the remainder when 1263 is divided by 23.
21
What is the remainder when 127 is divided by 22?
17
Calculate the remainder when 16 is divided by 9.
7
What is the remainder when 23 is divided by 13?
10
What is the remainder when 1617 is divided by 60?
57
What is the remainder when 89 is divided by 39?
11
What is the remainder when 1496 is divided by 484?
44
What is the remainder when 94 is divided by 26?
16
Calculate the remainder when 1783 is divided by 119.
117
What is the remainder when 3913 is divided by 103?
102
Calculate the remainder when 2034 is divided by 4.
2
Calculate the remainder when 11394 is divided by 40.
34
Calculate the remainder when 189 is divided by 38.
37
Calculate the remainder when 3492 is divided by 67.
8
What is the remainder when 46747 is divided by 22?
19
What is the remainder when 114 is divided by 40?
34
Calculate the remainder when 175 is divided by 77.
21
Calculate the remainder when 609 is divided by 6.
3
Calculate the remainder when 354 is divided by 52.
42
What is the remainder when 22 is divided by 14?
8
Calculate the remainder when 32 is divided by 12.
8
Calculate the remainder when 270 is divided by 47.
35
Calculate the remainder when 86 is divided by 25.
11
What is the remainder when 6142 is divided by 96?
94
Calculate the remainder when 1633 is divided by 109.
107
Calculate the remainder when 2230 is divided by 23.
22
What is the remainder when 76 is divided by 17?
8
What is the remainder when 14 is divided by 9?
5
Calculate the remainder when 21557 is divided by 385.
382
What is the remainder when 30 is divided by 24?
6
What is the remainder when 148 is divided by 9?
4
Calculate the remainder when 29 is divided by 25.
4
Calculate the remainder when 414 is divided by 11.
7
Calculate the remainder when 1169 is divided by 90.
89
Calculate the remainder when 2830 is divided by 564.
10
Calculate the remainder when 4393 is divided by 28.
25
What is the remainder when 1921 is divided by 26?
23
Calculate the remainder when 1799 is divided by 120.
119
What is the remainder when 582 is divided by 73?
71
What is the remainder when 575 is divided by 12?
11
What is the remainder when 128 is divided by 13?
11
Calculate the remainder when 3128 is divided by 89.
13
Calculate the remainder when 534 is divided by 31.
7
Calculate the remainder when 283 is divided by 22.
19
What is the remainder when 4363 is divided by 9?
7
What is the remainder when 1129 is divided by 27?
22
Calculate the remainder when 3912 is divided by 103.
101
Calculate the remainder when 74657 is divided by 69.
68
Calculate the remainder when 920 is divided by 54.
2
What is the remainder when 1063 is divided by 41?
38
What is the remainder when 7060 is divided by 54?
40
Calculate the remainder when 590 is divided by 243.
104
What is the remainder when 167 is divided by 42?
41
What is the remainder when 4873 is divided by 271?
266
Calculate the remainder when 349 is divided by 30.
19
Calculate the remainder when 9068 is divided by 81.
77
Calculate the remainder when 1207 is divided by 93.
91
What is the remainder when 417 is divided by 143?
131
Calculate the remainder when 144 is divided by 43.
15
What is the remainder when 596 is divided by 99?
2
What is the remainder when 733 is divided by 16?
13
Calculate the remainder when 359 is divided by 60.
59
What is the remainder when 1770 is divided by 42?
6
Calculate the remainder when 90 is divided by 7.
6
Calculate the remainder when 259 is divided by 20.
19
What is the remainder when 194 is divided by 28?
26
What is the remainder when 503 is divided by 100?
3
Calculate the remainder when 301 is divided by 61.
57
Calculate the remainder when 1510 is divided by 35.
5
What is the remainder when 3233 is divided by 21?
20
Calculate the remainder when 251 is divided by 19.
4
Calculate the remainder when 2206 is divided by 367.
4
What is the remainder when 424 is divided by 11?
6
Calculate the remainder when 2717 is divided by 20.
17
Calculate the remainder when 227 is divided by 74.
5
What is the remainder when 1543 is divided by 275?
168
Calculate the remainder when 3131 is divided by 49.
44
Calculate the remainder when 2370 is divided by 9.
3
What is the remainder when 3491 is divided by 36?
35
What is the remainder when 536 is divided by 12?
8
Calculate the remainder when 3692 is divided by 112.
108
What is the remainder when 156 is divided by 16?
12
What is the remainder when 897 is divided by 18?
15
Calculate the remainder when 1569 is divided by 349.
173
Calculate the remainder when 461 is divided by 8.
5
What is the remainder when 2335 is divided by 14?
11
What is the remainder when 424 is divided by 25?
24
Calculate the remainder when 13701 is divided by 193.
191
Calculate the remainder when 289 is divided by 121.
47
What is the remainder when 44 is divided by 12?
8
What is the remainder when 289 is divided by 98?
93
What is the remainder when 516 is divided by 174?
168
What is the remainder when 685 is divided by 63?
55
What is the remainder when 530 is divided by 27?
17
What is the remainder when 88 is divided by 39?
10
What is the remainder when 594 is divided by 154?
132
What is the remainder when 108 is divided by 19?
13
What is the remainder when 4365 is divided by 5?
0
Calculate the remainder when 787 is divided by 99.
94
Calculate the remainder when 402 is divided by 183.
36
Calculate the remainder when 10762 is divided by 276.
274
Calculate the remainder when 711 is divided by 89.
88
Calculate the remainder when 3568 is divided by 35.
33
What is the remainder when 2689 is divided by 891?
16
Calculate the remainder when 212 is divided by 56.
44
What is the remainder when 719 is divided by 273?
173
What is the remainder when 123 is divided by 64?
59
What is the remainder when 5368 is divided by 78?
64
Wha